i) be the second derivative of i**5/20 + i**4/12 + i**3/3 + i. Let l = 15 + -9. Suppose -l = 5*d + 4. Determine q(d).
-8
Let b = 4 - 2. Let u be (-3)/2*(-4)/3. Let w(a) = 3 - a**u - 2 - a**b. Determine w(-2).
-7
Let u(q) be the third derivative of -q**6/60 - q**5/60 - 2*q**2. What is u(-1)?
1
Let k be (16/(-12))/((-16)/24). Let r(c) = -2 - 2*c**2 - c - c**3 + 7*c**2 - 2*c**2. What is r(k)?
0
Let v = 1 - 0. Let b(t) = -416 + t + 416 + 5*t**3. Calculate b(v).
6
Let d(y) = y**2 - 5*y - 7. Let l(z) = -1 + 2*z - 5*z + z + z. Let b be l(-6). Calculate d(b).
-7
Let q(g) = -g**3 - 9*g**2 + 9*g + 1. Let x be q(-10). Let p = x - 16. Let w(b) = b + 6. What is w(p)?
1
Let i = -41 + 40. Let h(o) = 12*o**2 + 2*o + 1. What is h(i)?
11
Let k = -20 + 18. Let v(w) = -w**2 - 4*w - 3. Give v(k).
1
Let o(h) = h**3 + 6*h**2 - h - 3. Let l(j) = -5*j**3 - 31*j**2 + 6*j + 16. Let p(r) = -2*l(r) - 11*o(r). What is p(-3)?
-5
Let q(n) be the second derivative of 2*n**3/3 - n**2 + 10*n. Calculate q(-3).
-14
Let v(o) = -o - 2. Let c be (-380)/(-12) + (-1)/(-3). Suppose -5*g + 7*g + 4*l + c = 0, 3*l + 66 = -5*g. Let j be 4/6 - (-68)/g. Calculate v(j).
3
Let x = -4 + 6. Suppose 0 = d - 3, -5*u + d = -0*u - x. Let y = 1 - u. Let g(c) = -c - 4. Calculate g(y).
-4
Let z(b) = 7*b + 4 - b**2 + 24 - 16. What is z(9)?
-6
Let b = -54 + 50. Let t(v) = -2*v - 1. Calculate t(b).
7
Suppose -2*d = -4*d. Let q(a) be the second derivative of a**4/12 + a**3/6 + 2*a**2 + a. Give q(d).
4
Let h(i) be the third derivative of i**4/6 + 5*i**3/6 - 6*i**2. What is h(-5)?
-15
Let w(z) = -z**3 - 2*z**2 - z. Let n be w(-1). Suppose n = -s - 2*l - 3*l - 26, -4*s - 3*l - 36 = 0. Let f(i) = -i**3 - 5*i**2 + 5*i - 6. Give f(s).
0
Let g(n) = 4 + 11073*n - 11078*n - 4. Calculate g(2).
-10
Let q(t) = t**2 - 5. Suppose 0 = v - 5*v. Let c = -2 + 2. Let p = v - c. Calculate q(p).
-5
Let o(g) = -g**2 - 5*g - 2. Let k be ((-6 - 3) + 3)*1. What is o(k)?
-8
Let m(c) = 3*c + 3. Suppose -7 = -7*s - 35. Calculate m(s).
-9
Let j(o) = -2*o + 2. Let i be -4*11/((-44)/8). Calculate j(i).
-14
Let w(u) be the third derivative of -2*u**2 + 5/6*u**3 + 0 - 1/12*u**4 + 0*u. What is w(5)?
-5
Let p(x) = 2*x + 1. Let w be p(1). Let r(g) = -g**3 + 3*g**2 + 2*g + 1. What is r(w)?
7
Let z(i) be the third derivative of i**4/12 - i**3/6 - 2*i**2. Let m be z(2). Let s = m + -8. Let h(n) = -n**3 - 6*n**2 - 6*n - 2. What is h(s)?
3
Let u(s) = -2 - 1 + 1 + s. Calculate u(5).
3
Let k(z) be the third derivative of z**5/60 + z**4/6 - z**2. Let s(x) = -x**2 + 2*x + 3. Let o be s(3). Suppose -12 = 4*u - o*u. Determine k(u).
-3
Let b(a) = 7 + 0 - 8*a**2 + a**3 - a**2 + 5*a + 2*a**2. Determine b(5).
-18
Let f be (10/(-6))/((-2)/6). Let h(z) = 2*z - 6. Let n(x) = 4*x - 11. Let s(a) = 7*h(a) - 4*n(a). Give s(f).
-8
Let w(k) = k**3 + 5*k**2 + k - 5. Let x = 11 + -2. Let m be (-6)/5*30/x. What is w(m)?
7
Let z(d) = d**3 - d**2 - d - 4. Suppose -5*k - 3*s = -0*k - 6, -4 = -3*k - 2*s. Determine z(k).
-4
Suppose 0 = -3*d + 4*j - 20, -2*d + 3 - 15 = -2*j. Let u(x) = 2027 + 3*x**2 + 4*x - 2*x**2 - 2031. Determine u(d).
-4
Let u be (-10)/3*3/2. Let w = u - -7. Let t(c) = c**2 - c + c**3 + 0*c**2 - c**w. Calculate t(0).
0
Let g = 2 + 5. Let c(x) = -5*x**3 + x - 9. Let d(j) = 6*j**3 - j + 10. Suppose -5*y = 5*k - 20, 5*y - k = 18 + 14. Let w(z) = g*c(z) + y*d(z). Calculate w(0).
-3
Let m(u) be the second derivative of -u**4 + u**3/6 - u**2/2 - 13*u. Calculate m(1).
-12
Let u(g) = g**2 - 3*g - 4. Let o = 29 - 24. Calculate u(o).
6
Let x(i) = -i**2 + 4*i + 2. Let g be x(4). Let h(f) = g + 4*f - 5*f + 0*f**2 - 2*f**2. Calculate h(2).
-8
Let f(g) be the second derivative of 2*g**3/3 - g**2/2 - g. Suppose -8*l + 3*l - 25 = 0. Let h(v) = -5*v + 1. Let x(m) = l*h(m) - 6*f(m). Determine x(0).
1
Let d = 7/10 - 1/5. Let j(x) be the first derivative of -d*x**2 - 7*x - 1/3*x**3 - 2. Calculate j(0).
-7
Let q be 16/(-12) + (-6)/9. Let m(u) = -2*u**3 - 3*u**2 - u. Calculate m(q).
6
Let i(c) = -c**2 + 6*c + 3. Let v(j) = -1. Let s(o) = o + 4. Let a(w) = -s(w) - 4*v(w). Let u be a(-8). Suppose 4*z = 12 + u. Calculate i(z).
8
Let l(r) = 0*r**3 + r**3 - r + 1 + r**2 - 7. Give l(0).
-6
Let z(g) = -g**3 + 8*g**2 + 35*g - 26. Let n be z(11). Let b(d) = -7*d**2 - 7*d - 10. Let r(t) = 4*t**2 + 3*t + 5. Let m(c) = -3*b(c) - 5*r(c). Determine m(n).
-3
Let s = -1 - 4. Let r = s + 13. Suppose -r = -2*c - 4*n, -c + n + 4 = -2*n. Let q(t) = -t**3 + 5*t**2 - 4*t + 1. What is q(c)?
1
Let c be (4/6)/((-2)/(-27)). Suppose z - 4*z = -c. Suppose z*b + 1 = -b - n, b = -3*n + 8. Let o(i) = -4*i - 1. Give o(b).
3
Let c(h) be the third derivative of h**7/2520 - h**6/180 + 7*h**5/60 + 2*h**2. Let z(y) be the third derivative of c(y). What is z(5)?
6
Let n(s) = s**2 - 2. Let j(u) = u**2 - 2. Let o(t) = 4*j(t) - 3*n(t). What is o(5)?
23
Suppose -4*b + 17 = -t, 2*b + 2*b + t - 15 = 0. Let a = b + -2. Suppose 3*g + a*g = -10. Let i(l) = -l**3 - l**2 + l. Determine i(g).
2
Let i(p) = 2*p + 3. Let o(c) = -3*c - 5. Let v(g) = -10*i(g) - 6*o(g). Calculate v(-3).
6
Let t be ((-9)/(-12))/(3/12). Let k(d) = 2*d + 4. Let s(m) = 3*m + 5. Let l(u) = t*s(u) - 4*k(u). Give l(3).
2
Let j be (-1 + 0)*(1 + -3). Let i(x) = -4*x - 6*x**2 - x**3 - 3 + 6*x**j + 4*x**2 + 2*x**2. Give i(5).
2
Let l(x) = -3 + 3 - 4 - 4*x + x. Calculate l(-3).
5
Let m(f) = -11 - 2*f + 11. Suppose i = -3*n + 10, -n + 2*i = 2 - 10. Let c be n/(-10) + 26/(-10). Calculate m(c).
6
Let s = 2 - -3. Let c(t) = 3*t**3 + 5*t - s - 5*t**3 + 3*t**2 + t**3. What is c(4)?
-1
Let f(g) be the third derivative of g**6/120 + 7*g**5/60 + g**4/4 - g**3/3 + 56*g**2. Determine f(-6).
-2
Let d(w) be the third derivative of 0 - 1/12*w**4 - 2*w**2 + 0*w - 1/2*w**3. Give d(-6).
9
Let s(w) = w - 2 - w**2 + 3*w**3 + 2. Let m = -2 + 0. Let y be m - ((-8)/2 - -1). Calculate s(y).
3
Let q = 18 + -9. Let f(d) = -d + 14. Calculate f(q).
5
Let k(o) be the second derivative of -o**5/20 + 7*o**4/12 - 5*o**3/6 + 3*o**2/2 - 2*o - 29. Give k(6).
9
Suppose 5*g + 0*g + 4*m = 17, 0 = 4*g - m - 22. Let z(j) = -j + 1. Determine z(g).
-4
Let o be (-20)/8*(-4)/(-5). Let z(x) = 3*x**3 - x**2 - 5*x - 3. Let f(k) = -2*k**3 + k**2 + 4*k + 2. Let j(h) = 4*f(h) + 3*z(h). What is j(o)?
-7
Let j(r) = 8*r + 1 + 6*r - 9*r + r**2 + 1. Calculate j(-5).
2
Let m(v) = v**2 - 4. Suppose -9 = -0*p - p + 2*y, -y + 21 = p. Suppose -5*z - 14 = q, -7*z + 3*z = -5*q + p. Calculate m(z).
5
Let l(p) = -3*p + 3. Let u(x) = 4*x - 4. Let d(y) = 3*l(y) + 2*u(y). Let g(a) = a**2 + 12*a + 26. Let r be g(-10). What is d(r)?
-5
Let x(q) = -3*q**2 - 6*q**3 + 2*q**2 + 1 - q**2. Suppose 0 = -d + 3*d - 12. Let t = d + -5. What is x(t)?
-7
Suppose 0 = 7*l + 14 - 21. Let q(p) = 22*p**2 - p + 1. What is q(l)?
22
Let b(n) = -10*n**2 + 15*n - 2. Let s(f) = 3*f**2 - 5*f + 1. Let x(j) = 2*b(j) + 7*s(j). Let v(w) be the first derivative of x(w). Give v(5).
5
Let n(i) be the second derivative of i**4/12 - i**2 + 2*i. Suppose 0 = -3*o - 2*o - 15. What is n(o)?
7
Let i(h) be the third derivative of h**6/120 - h**5/15 - h**3/3 + 2*h**2. Calculate i(2).
-10
Let i(v) = 0*v + 0*v**2 + 4 - 4*v - v**2 + 5*v. Calculate i(-3).
-8
Suppose 2*y - 13 = o - 0*y, -3*o + 6 = 3*y. Let c = o - -1. Let k(w) = w**2 + w + 1. Calculate k(c).
3
Let n(j) = -j - 9. Let u be n(-9). Let s(x) be the third derivative of u - 1/24*x**4 + 0*x + 0*x**3 + 4*x**2. Calculate s(-6).
6
Let h(g) = 3*g - 1 - g**2 - 4*g - g. Let w be 2/4*(7 - 3). Suppose w*o + 5*c + 29 = 0, o + 3*c = c - 12. What is h(o)?
-1
Let x be (-60)/18*(-9)/5. Let n(k) = -k**3 + 0*k + 4 + x*k - 33*k**2 + 29*k**2. Suppose 7*j + 25 = 2*j. Give n(j).
-1
Let o(a) = a**3 + 9*a**2 - 4*a + 1. Let v(z) = z**2 - z. Let g(t) = o(t) - 5*v(t). Determine g(-2).
7
Suppose 2*j = 3*h - 11, h - j = -2*j - 3. Suppose -4*w + 12 + 5 = 5*n, 4*n = 5*w + 30. Let g be (1/(w/(-10)))/h. Let f(o) = o**2 - 6*o + 4. Calculate f(g).
-1
Let d be 3 + (-4 + 6 - 0). Let y(j) be the third derivative of -j**6/120 + j**5/10 - j**4/6 - 2*j**3/3 - j**2. Determine y(d).
1
Let f(y) be the second derivative of -y + 1/12*y**4 + 0 + 2/3*y**3 - 7/2*y**2. Give f(-6).
5
Let h(o) = 1 + 3 - 1 + 3*o + 1. Determine h(-3).
-5
Suppose -j = -3*b + 1 + 13, b - 8 = 2*j. Suppose b = -3*p + 13. Let x(a) = 5*a - 4. Let n(o) = -4*o + 3. Let u(h) = 7*n(